t w be 4/h + (-3)/(-2). What is the units digit of ((-390)/25)/(w/(-5))?
9
Suppose 3*x - 2*v - 30 = 54, -87 = -3*x + 3*v. Let w be (2 - 2) + (x - 6). Let g = 26 - w. What is the units digit of g?
6
Suppose 0 = 5*l - c - 9324, 3*l - 4590 = -5*c + 1010. What is the hundreds digit of l?
8
Let v(c) = -c**3 + 2*c**2 - 3. Let i be v(4). Let m = 80 - 31. Let f = m + i. What is the tens digit of f?
1
Suppose -4*c - 390 + 1882 = 0. What is the hundreds digit of c?
3
Let t be 4/1 - (-10 - 10/(-2)). Let l = 13 + t. What is the units digit of l?
2
Suppose 4*o - 77 = 23. Let z = o + -22. Suppose z*m - 3 = 12, -y + 15 = -2*m. What is the units digit of y?
5
Suppose -4*s + 15*k + 1045 = 16*k, 3*k = 4*s - 1025. What is the tens digit of s?
6
Suppose 4*l - 48 = 8*t, -10*t = -4*l - 12*t + 98. What is the tens digit of l?
2
Let h be 6/(-27) + (-330)/(-27). Let k = h - -9. What is the units digit of k?
1
Suppose 0 = 2*z - 11*z + 27. Let m(w) = -2*w**3. Let y be m(-1). Suppose -5*c = z*g - 154, -3*g + 10 = y*c - 57. What is the tens digit of c?
2
Suppose u = -2*u + 18. Suppose 0 = 4*n - u*n + 3*s - 20, 8 = -4*n - 2*s. Let x(v) = -v - 3. What is the units digit of x(n)?
1
Let x = 835 + 1322. What is the hundreds digit of x?
1
Let b(q) = q**3 - 4*q**2 - 5*q - 5. Let k be b(5). Let f = k - -3. What is the tens digit of 2/((-2)/(-39)) + f?
3
Let f(i) = -i**2 - i + 1. Let g(q) = 3*q**2 - 3*q + 4. Let n(y) = 2*f(y) + g(y). What is the tens digit of n(6)?
1
Let d = 2347 - 1219. What is the thousands digit of d?
1
Suppose -4*d = 2*w - 52, -5*w - d + 78 = -4*d. Let m = w - -9. Suppose p = 2*u - 63, 5*p = u - 18 - m. What is the units digit of u?
0
Suppose 0 = 5*b - 20, -5*s - 2*b + 374 = -6*b. Suppose 398 - s = 2*w. What is the units digit of w?
0
Suppose 0 = 2*w - 5*z - 148 - 660, 3*z + 6 = 0. What is the units digit of w?
9
Suppose 2*x = -2*d - 480, -4*d - x = 635 + 316. Let b = d - -409. What is the units digit of b?
2
Let t = 1066 - 449. Suppose -o + 5*o = -3*h + t, 3*h = 5*o - 751. What is the hundreds digit of o?
1
Let z(c) be the first derivative of 6*c**2 + 8*c - 9. What is the tens digit of z(4)?
5
Let v(f) = -f**3 + 26 + f**2 - 12 - 10*f**2 + 10*f. Let h be v(-10). Suppose -h = -w + 34. What is the units digit of w?
8
Suppose 4*g + 4*q - 807 - 985 = 0, -1350 = -3*g - 5*q. What is the tens digit of g?
4
Let v be (38 - (-12)/(-4))/1. Let s = 95 - v. What is the units digit of s?
0
Let o = 137 - 84. What is the tens digit of 2 + 0 - (18 - o)?
3
Let j(f) = -351*f**3 + 5*f**2 + 6*f + 2. What is the tens digit of j(-1)?
5
Let x be (0 + 4)/4 + 1. Suppose x*m + 2*m = 324. What is the tens digit of m?
8
Suppose -5*t + 12 = 2. Let w(c) = -3*c + t - 3*c**3 + 0*c + 2*c**3 + 4*c. What is the units digit of w(0)?
2
Let h = -71 + 232. Suppose 0 = b - 84 - 24. Let x = h - b. What is the units digit of x?
3
Let i(g) = -2*g**3 - 2*g**2. Let n be i(-2). Let r(p) = 0*p + 284 - 269 + p. What is the units digit of r(n)?
3
Let f = 3483 + -1124. What is the tens digit of f?
5
What is the units digit of (1 + (-413)/(-3))/((-15)/(-90))?
2
Let a be (5/(-10))/(2/(-108)). Let u = a + -11. Suppose -o + 11 = -u. What is the units digit of o?
7
Suppose -3*s - 3 = -3*r, 3*s + 19 = -4*r - r. Let n(t) = 2*t - 2. Let z be n(r). Let p = z - -17. What is the units digit of p?
1
Let k(s) = s**3 + 7*s**2 - 10*s - 11. Let r be k(-8). Suppose a + 33 = -5*p, r*a + 65 = -5*p - 0*p. Let x = a + 11. What is the units digit of x?
3
Let j(n) = 40*n**2 + n - 1. Let x be j(1). Suppose 0 = 6*q - q - x. Suppose -5*a + q = -3*b + 71, 2*a + 63 = 3*b. What is the units digit of b?
1
Suppose -4*m + 6*m - 10 = 0. Suppose -5*g = 4*f - 3, -4*g + g - m*f + 7 = 0. What is the tens digit of ((-400)/(-16))/(g/(-2))?
5
Let g = -7 + -1. What is the tens digit of 9 + g - (-11 + -2)?
1
Let k = 1820 - 1366. What is the tens digit of k?
5
Suppose 5*o - 28030 = -5*g, o - 24596 = -5*g + 3430. What is the thousands digit of g?
5
Let a(q) = 4*q. Let m be a(-1). Let h be (m - -3)*-13*3. Let b = h - 20. What is the units digit of b?
9
Let v = 307 + -672. What is the units digit of (v/15)/((-4)/12)?
3
Let f = -2 + 3. Suppose 0*t + t = f. What is the tens digit of (-15)/5 + t + 68?
6
Let r(u) = -u**2 + 5*u - 4. Let w be r(3). Suppose 5*i - 148 = w*b, -5*b - 2*i + 73 = -6*b. Let y = b + 128. What is the tens digit of y?
5
Suppose 13*p = 18*p - 80. What is the tens digit of 33/(-3 + p/4)?
3
Let w(j) = 46*j**2 + 20*j - 11. What is the thousands digit of w(5)?
1
Let x be (1/2 - -1)/((-8)/(-832)). Let t = -111 + x. What is the tens digit of t?
4
Let s(q) = 91*q**2 - 6*q - 2. Let t be s(-3). Suppose 3*a - 2*o - o = 633, -4*a + t = 5*o. Suppose 2*d = 7*d - a. What is the units digit of d?
2
Suppose -2*n + 2*h = -3*h - 303, -3*n - 4*h + 512 = 0. Suppose 4*i - n = 8. What is the units digit of i?
3
Suppose 0 = -v - 1 + 33. Let q(r) = -6*r**3 + r**2 - r + 1. Let x be q(1). Let a = v + x. What is the units digit of a?
7
Let d(v) = -15*v + 82. What is the units digit of d(-17)?
7
Let v = 28 + -20. Suppose 3*b + v = 44. What is the units digit of b?
2
Let c(g) = 100*g**2 - 4*g + 106. What is the tens digit of c(7)?
7
Let f(d) = 2*d**2 - d - 21. Let r be f(8). Suppose 4*p - 477 - r = 0. What is the tens digit of p?
4
Suppose 6*x + x = 91. Let s be x/(-39)*3*3. Let k = 36 + s. What is the tens digit of k?
3
Suppose 0 = 4*a - a - 252. Let h = a + -46. What is the units digit of h?
8
Suppose -2*a - 3*a + 700 = 5*l, 0 = 3*l + 6. Suppose 4*s - 22 - a = 0. What is the units digit of s/2 - 4/8?
0
Let q(b) = 4*b**2 - 46*b - 723. What is the thousands digit of q(-32)?
4
Let p = -18 - -28. Suppose 5*k - 3*b = 1080, 0*b = 2*b - p. Suppose 2*j + j = k. What is the units digit of j?
3
Let g(l) be the second derivative of l**4/6 + l**3/3 + 3*l**2/2 - 3*l. Let d = -3 + 0. What is the units digit of g(d)?
5
Suppose 0 = -23*f + 7021 + 59541. What is the thousands digit of f?
2
Let r = 0 - -3. Suppose o = -r*g + 15, -2*o + 4*o + 15 = 3*g. Suppose -34 = -g*j + 1. What is the units digit of j?
7
Suppose -2*y = 3*l - 345, 3*y + 4*l - 845 = -2*y. Let g = y + -118. Suppose -g = -3*c + 16. What is the units digit of c?
1
Let d(o) = 1 + 7*o**2 + 2*o**2 - 11 + 4*o**2. What is the tens digit of d(-4)?
9
Suppose p = -2*p - z + 161, -p + 52 = 2*z. Suppose g = -5*c + 105, -7*g = -4*g + 2*c - 315. Suppose m - g = -3*h, -h = -m - p + 19. What is the tens digit of h?
3
Suppose -4*b + 0 = 4*u - 4, -4*u - 20 = -2*b. Suppose -b*d = -5*d + 34. Let q = -18 + d. What is the tens digit of q?
1
Let u be (1 - -2)*(-1 - 80/(-6)). Suppose 42*r - 470 = u*r. What is the tens digit of r?
9
Let x = 25 - 23. Suppose -10 = x*p - 4*b, -p - p = 2*b - 8. What is the units digit of p + (-3 - -19) - -1?
8
Let j(y) = -y**2 - 4*y - 1. Let x be j(-5). What is the units digit of (-6643)/(-78) + 1/x?
5
Suppose -4*y + 66 = -2*r, r + 59 = -2*r - 4*y. Let a be ((-2)/4)/(7/70). What is the units digit of 35/r*1*a?
7
Suppose -6*n - 480 = -0*n. Suppose -2*x + 55 = -3*x. Let r = x - n. What is the tens digit of r?
2
Let u be 1068/28 + (-5)/35. Suppose 51*q + u = 53*q. What is the units digit of q?
9
Let r be 3 + ((-4)/6)/((-2)/(-3)). Let b = 3 - r. What is the units digit of b?
1
Suppose 5 = -5*r - 5*o, -r - o = o + 4. Suppose r*c + 0*s = s - 119, 4*c = 4*s - 236. Let z = 90 + c. What is the units digit of z?
0
Suppose 244*a = 249*a - 10450. What is the tens digit of a?
9
Let z(w) = 2*w**2 - 9*w - 57. What is the tens digit of z(-26)?
2
Suppose -3*x = 2*z + 53, 3*z - 5*x + 79 = -29. Let d = 34 + z. What is the units digit of d?
3
Let b(q) = -3*q + 35. Let f be b(14). Let x(n) = 4*n**2 - 2*n + 9. What is the hundreds digit of x(f)?
2
Let l = 16 - 13. Suppose -l*s + 2*s = 0. What is the units digit of (s - 1)*-7 - -1?
8
Let l(c) = -c**3 + c**2 + 1. Let d(p) = -6*p**3 - 4*p**2 + 6*p + 10. Let u(q) = d(q) - 5*l(q). What is the hundreds digit of u(-11)?
1
Let g = -1146 - -1724. What is the hundreds digit of g?
5
Suppose 5*d - 12 - 3 = 0. What is the units digit of 55*(-8)/(-30)*d?
4
Let q(j) be the first derivative of j**4/4 + 3*j**3 + 5*j**2/2 + 9*j + 1. Let l be 24/14*210/(-45). What is the tens digit of q(l)?
3
Let g(w) = w + 10. Let x be g(-10). Suppose x*z = 5*z - 510. What is the tens digit of z?
0
Let c be -2 -